t is the value of -4 + -3 + 9 + -6?
-4
9 + -6 + -3 + -6
-6
Calculate -60 + 64 + 0 + -1 + 0.
3
Calculate 5 + (6 + -7 - 2) + 0.
2
0 + (6 - -5) + -4 + 0
7
What is the value of 50 + -30 + (-13 - 0)?
7
0 - -6 - (-3 + (-5 - -23))
-9
Evaluate -9 + (1 - -6) + -2.
-4
Evaluate -3 - -4 - -5 - 7.
-1
Evaluate -1 + (10 + (1 - 3) - 3).
4
What is 2 + 4 + -8 - -1?
-1
Calculate (1 + -2 - -5) + (-41 - -31).
-6
Calculate -2 - 3 - -2 - (7 - 12).
2
Calculate -5 + 2 + 3 - (19 - 25).
6
What is the value of -4 - -8 - (3 - 5)?
6
What is the value of (2 - (-2 - 9)) + -7?
6
5 + 5 + -10 + 1
1
4 - (-8 + 15 + 1)
-4
Evaluate 8 + -5 + 14 + -11.
6
Calculate (10 - (-1 + 3)) + -18.
-10
What is the value of -2 + 2 + (4 - -4 - 1)?
7
What is the value of -1 + 1 - ((-4 - -8) + -8)?
4
What is the value of -9 + 11 - 12 - -14?
4
What is 4 - (-6 + (0 - 0) + 5)?
5
Evaluate -2 + (3 + -5 - 1).
-5
Evaluate 1 + 7 + -3 - (0 + -2).
7
What is the value of (-5 + 5 - (-2 - -5)) + 4?
1
What is 3 - (14 + (-11 - -6))?
-6
What is 6 + -8 + (-7 - -14)?
5
Calculate 2 + 1 + (-1 - 3).
-1
Calculate -4 + 3 + -2 + -1 + 2.
-2
What is the value of (0 - -3 - 0) + -5 - 3?
-5
-6 + (27 - 14) + -2
5
What is -4 + -1 + 8 + -13 + 14?
4
Calculate -1 - -5 - (0 - 0).
4
Calculate 3 + -3 + -3 + 4.
1
What is the value of 0 - 7 - 1 - -3 - -7?
2
Calculate 0 + (-3 - -11 - -2) + -3.
7
What is the value of 10 - 17 - (0 - 5)?
-2
What is the value of (-2 - (2 - 5)) + 1 + 0?
2
Evaluate (0 - (7 - (6 + -4))) + 2.
-3
Calculate -8 + 2 + 7 + -9 + 5.
-3
-5 - -7 - (0 - 1)
3
What is the value of 17 + -21 + 3 + 3?
2
Calculate 1 - -4 - -4 - (-2 + 8).
3
9 - 5 - (0 + 8)
-4
What is the value of -3 + (9 - (-3 - -7)) - 3?
-1
What is the value of -5 - (-3 + -2 + 5) - -4?
-1
Calculate 2 + -5 + (3 - -10) + -5.
5
What is the value of (0 - -1 - 8) + (-27 - -30)?
-4
What is the value of (-6 - 1) + -9 + 19?
3
Calculate 5 + 2 + 2 - 4.
5
What is (1 - -2) + (-7 - 0) - 1?
-5
(-12 - (7 + -13)) + -4
-10
What is -9 + (5 - -6 - 5)?
-3
What is the value of (-1 - -1 - 4) + 6?
2
What is the value of 18 - 14 - (0 + -2 + 6)?
0
Evaluate -4 + -1 + 1 + 12 + -10.
-2
Calculate 1 + 3 + -7 - -2.
-1
What is the value of 0 - (-3 - -8 - 8)?
3
-13 + 8 - 6 - -11
0
What is the value of -10 + (8 - 3) + 7 + 1?
3
What is 1 - (-10 + 2) - 7?
2
Calculate (34 - 32) + 1 + -1.
2
44 + -53 + (1 - -15)
7
Evaluate 5 + (-2 + 1 - -3).
7
What is the value of -2 + 13 - (99 + -90)?
2
Evaluate (12 - 7) + 3 + -6.
2
Evaluate (1 + -2 - 1) + 1 + 3.
2
Evaluate -1 + 3 + (0 + 5 - 10).
-3
What is 4 + -1 + (1 - -1)?
5
What is the value of 16 + (0 - 6) + -5?
5
Evaluate (-5 - (2 - 8 - -11)) + 5.
-5
What is -1 + 4 + 0 + (-6 - -8)?
5
Evaluate (1 - -2) + (8 - (22 - 8)).
-3
What is -7 + (7 - 4) - -7?
3
What is the value of (21 - 15) + (-2 - -1)?
5
What is 7 + -1 + -9 - 1?
-4
2 + (-4 + -13 - -7)
-8
-1 + -4 + 1 + 4
0
Calculate 0 + (-3 - -8) - (-3 - 1).
9
Evaluate (-4 - (-3 + 2)) + 5.
2
What is the value of (16 - 9) + 6 + -20?
-7
Evaluate -4 - (-7 + 0 + -1).
4
What is -17 + (13 - 18) + 11?
-11
What is (1 - (1 + 5)) + 12 + 0?
7
What is -40 - -36 - (-8 - 0)?
4
-1 + (-2 - (3 - (-2 - -4)))
-4
What is (8 + 3 - 3) + -18 + 12?
2
What is the value of 1 + 1 + 0 + (-10 - -10)?
2
Evaluate 4 + -15 + 7 + 10.
6
Calculate -2 - ((-5 - (-3 - -2)) + 0).
2
What is the value of (-37 - -7) + 11 + 10?
-9
Evaluate 0 - 5 - (-2 + -5 + 2).
0
What is the value of 4 + (0 + 4 - 12)?
-4
Evaluate 2 + -2 + 4 + -5 + -4.
-5
What is (-6 - ((6 - 2) + -5)) + 13?
8
Evaluate 3 + 1 + 3 - 12.
-5
What is the value of (2 - 3) + (2 - 1) + -4?
-4
What is the value of (-30 - -28) + 2 + 2?
2
What is 0 + 7 + (-4 - -4) - -1?
8
What is the value of 5 + 1 + (13 - 15)?
4
Evaluate -5 + 5 + 4 + -3.
1
4 - 19 - (-16 - -4)
-3
What is the value of -3 + (0 - 3 - -8)?
2
What is 3 + 1 - (9 + -8 + 2)?
1
(1 - 1) + (4 + -5 - -1)
0
-5 + (3 - 3) + 4
-1
What is the value of 8 - (-6 + 6 + 4)?
4
(-4 - (8 - 8)) + -4
-8
Calculate 4 - ((-2 - -3) + 0).
3
What is (-1 + (-4 - -1) - -2) + 3?
1
Calculate -13 + 17 - (1 - (-3 + 1)).
1
Evaluate -1 + -2 + -4 + 2.
-5
What is the value of (-3 - (-1 + -5)) + 2 - 10?
-5
Calculate 3 - (-9 + 12 - (4 + -2)).
2
1 + -3 + 0 - 1
-3
Evaluate (-3 - 11 - -2) + 4.
-8
What is 3 - 1 - (48 - 44)?
-2
(1 - 4) + (-2 - (-8 + 0))
3
10 - (4 + -1 + 3)
4
Evaluate -4 + 7 - (0 + 2) - -4.
5
0 + 3 - (32 + -31)
2
What is 5 + -2 + -1 - 4?
-2
Calculate 0 + (0 - 2) + -2 + -1.
-5
Calculate 1 - 3 - (-11 + 10) - -4.
3
-3 + -1 + 2 + 1 + -1
-2
Calculate 4 + 1 - (0 - -4) - 0.
1
Evaluate 4 + (-14 - -5 - -4) + 6.
5
Calculate -1 + -8 + -4 + 8.
-5
Evaluate 1 - ((-10 - -15) + -1 + 0).
-3
What is the value of -6 + 10 + (9 - 5)?
8
What is 2 + 1 - ((9 - 7) + 1)?
0
(-8 - (-1 + -7)) + -6
-6
Calculate 1 + (0 - 1) - (1 + 4).
-5
What is the value of (7 - 4 - 2) + 1 + 1?
3
What is -17 + 16 - (0 - (2 + -2))?
-1
What is the value of 3 + -6 + (5 - 1)?
1
What is 7 - 13 - (-19 + 5)?
8
Calculate -5 + -7 + 11 - -1.
0
-5 + 10 + -6 - (3 + 0)
-4
What is 3 - (-5 - (4 - (15 + -2)))?
-1
What is the value of 5 - (6 + (-1 - -3))?
-3
Calculate 10 + -6 + 0 + (-1 - -3).
6
What is 3 - (-21 + 25 + -1 + 0)?
0
7 - ((-19 - -17) + (-2 - -9))
2
What is 1 + -7 + (5 - 2)?
-3
0 + 4 + (2 - 3)
3
Calculate -12 + -2 + 0 + 8.
-6
What is the value of -6 + (-6 + 17 - 3)?
2
What is the value of -2 + (-4 + 5 - 4)?
-5
Calculate 0 - -4 - 8 - -12 - 4.
4
What is -7 - (1 + -2 + -4)?
-2
Calculate 9 + (6 - (4 - -18)).
-7
-2 + 0 + 8 + (8 - 19)
-5
Evaluate 54 + -55 - (-6 + (4 - 2)).
3
What is the value of 13 - 17 - ((-2 - -1) + -6)?
3
Evaluate 1 + 3 - 1 - (155 - 147).
-5
What is -1 - ((5 - -3) + -3 + -1)?
-5
2 + -6 + 2 + 9
7
Calculate -5 + (4 - 2) - -7 - -1.
5
What is the value of -2 - (-1 - 5) - (2 + 7)?
-5
207 - 211 - (1 + -3 + 1)
-3
Evaluate 28 + -2 + -15 + -4 + 1.
8
What is the value of 1 + -6 + 0 + 2?
-3
-3 + (8 - (-9 - -18))
-4
Evaluate 1 + -4 + 3 + 3.
3
Evaluate -2 - -2 - (-1 + 3).
-2
What is the value of 1 + 4 + -7 + -1?
-3
What is (-3 + 9 - (1 + 2)) + 0?
3
What is 5 - (2 + -6 + 5)?
4
Calculate (-14 - -11) + 10 + -1 + -1.
5
What is the value of 3 - 1 - (2 - 3 - -4)?
-1
Evaluate -8 + -10 + 28 + -9.
1
2 + 1 + (7 - 2)
8
Calculate -1 - (9 + -4) - -8 - -4.
6
What is the value of -2 - (2 - (5 - -1)) - -2?
4
What is -1 - (3 - (-1 + 2))?
-3
3 + -6 + 7 + 1
5
Evaluate -2 - (-4 - (-5 - -4)).
1
What is 4 - (4 + -12) - 14?
-2
Calculate 7 - (15 - 11) - (1 + -1).
3
Evaluate 0 - (-3 + -4 - -7 - -2).
-2
(-2 - (-2 - 5)) + 0
5
Evaluate 12 - 10 - (0 - (-1 - 5)).
-4
-1 - (-2 - -3) - 1
-3
Calculate -3 + (2 - 4 - -3).
-2
Calculate 2 + 2 - ((3 - 5) + 2).
4
Evaluate -4 - (-5 + 8 - 2).
-5
What is the value of 6 + -3 + 1 + 1?
5
-9 + 4 + 1 - (5 - 1)
-8
What is -6 + (19 - (3 - -3)) - 6?
1
Calculate 8 + -11 + -3 + 11 - 13.
-8
What is 1 - 2 - (18 + -21)?
2
Calculate 3 - (-1 - (0 - 0 - -1)).
5
What is the value of -6 + (18 - (-5 + 6 + 4))?
7
Evaluate 4 + -7 + (3 - -1).
1
What is (0 - -6) + -12 - -3?
-3
-1 + -1 - ((1 - -1) + -1)
-3
-5 + 6 + (2 - 2)
1
What is 6 + (3 - 12 - 2)?
-5
Calculate (4 - (0 - -3)) + (2 - 6).
-3
Evaluate (10 + -2 - 4) + (-12 - -4).
-4
What is 2 + -1 + -4 + 3?
0
-3 + (-6 - -5) + (-1 - -9)
4
0 + 1 + -2 - (-38 + 36)
1
What is the value of 1 - (-4 + 9 + -1)?
-3
5 + -1 + -3 - (-3 - 1)
5
(0 - (-1 - (-3 - 0))) + 1
-1
Evaluate -3 + 6 + 0 + (6 - 6).
3
What is the value of (5 - 4) + (-3 - 0)?
-2
What is -7 - (1 + 3 + 0 - 8)?
-3
Evaluate 2 - (-2 + 7 + 3 + -5).
-1
What is the value of 7 + -13 + (5 - 3)?
-4
3 + 0 + 1 + 9 + -12
1
What is the value of 2 + 2 + -4 + -2 + 4?
2
Calculate -1 + (0 - 0) + -4 + 1.
-4
What is the value of 7 + 0 + (-8 - -4)?
3
Evaluate 3 + (-1 - (0 - -1)) + 1.
2
Calculate (4 + -8 - 2) + 2.
-4
What is -12 + 18 - (0 - -6) - 2?
-2
What is the value of (0 + 2 - -4) + -4 + -5?
-3
Calculate -10 + 13 + (-2 - 4).
-3
Calculate (7 - 6) + 0 + -4.
-3
What is (5 - (-1 + 0) - 4) + -7?
-5
Evaluate -1 - (-3 + 10) - (0 - 4).
-4
1 - (12 + -13 + -7)
9
(0 - (-2 + -2)) + -1 + -2
1
1 + 1 + (-1 - (5 - -1))
-5
What is -1 + -1 + (8 - 4)?
2
Evaluate -1 + 1 - (1 - -2).
-3
What is 4 + (-1 - 2) - 4?
-3
What is the value of -1 + -5 + -224 + 225?
-5
Calculate -6 - (1 + -6 + -1 + 2).
-2
What is 12 - 12 - (1 + 0)?
-1
Calculate -15 - ((11 - 29) + 7).
-4
0 + (6 - 5) - -4
5
What is 1 + (0 + -3 - 2)?
-4
What is 4 + (7 + -12 - -5)?
4
-16 + 9 - -14 - -1
8
Calculate (-15